-35))/((-1)/(-5)). List the prime factors of h(o).
251
Suppose -23 = -3*o + r - 585, 0 = 5*o + r + 950. List the prime factors of (8/(-10))/((-34)/85) - o.
191
Let h = 2314 + 563. Suppose 0 = 12*z - h - 4743. List the prime factors of z.
5, 127
Let k = -313 + 712. What are the prime factors of k/(-38)*92/(-6)?
7, 23
Suppose -4*s - 2*g + 226882 = 0, -5*g - 226931 = 51*s - 55*s. List the prime factors of s.
2, 3, 29, 163
Let s = 824 - 1384. What are the prime factors of (s/(-2))/(7/7)?
2, 5, 7
Let m = 827 + -1419. Let f = m + 876. What are the prime factors of f?
2, 71
Let m be -1 - -2 - -3*(-2 + 3). Let n be -3*(-2 + m/(-6) + 1). Suppose -t = -n*f + 2*t + 707, -2*t = -f + 147. What are the prime factors of f?
139
Let z = 226 + 224. Suppose z = g - t, -2*t + t = g - 444. What are the prime factors of g?
3, 149
What are the prime factors of (-2 - 26/10)*(-24 - 259552/32)?
23, 1627
Let c = 470 - 16. Let g = -259 + c. List the prime factors of g.
3, 5, 13
Let i be 8/(-3)*819/7. Let r = i + 521. List the prime factors of r.
11, 19
Let s = 149 + -154. Let u(h) = -5*h**3 + 11*h**2 + 40*h - 11. What are the prime factors of u(s)?
13, 53
Suppose 0 = -2*b - 2*p + 4, 12 = 4*b + 13*p - 11*p. Suppose b*j = -4*m + 3112, 3*j = -4*m - 478 + 2811. What are the prime factors of j?
19, 41
Suppose 2 = -k + 10. What are the prime factors of (-2962)/(-8) - 2/k?
2, 5, 37
Suppose -24*m = -26*m - 1056. Let r = 878 + m. List the prime factors of r.
2, 5, 7
What are the prime factors of ((-12998)/(-4))/(239/478)?
67, 97
What are the prime factors of (-27)/6*(-5539048)/333?
2, 18713
Suppose -3*s - 9 = 3*x, -3*x = -16*s + 12*s + 30. List the prime factors of 315/(-30)*56/x.
2, 7
Let h(p) = p**3 - p**2 - 23*p - 12. Let u be h(6). Suppose -1121 = -u*w + 1939. What are the prime factors of w?
2, 3, 17
Let i be 114/(-285)*10/(-2). Suppose h + 2*u - 55 - 20 = 0, i*u = 2*h - 168. What are the prime factors of h?
3
Let u = 12774 - 5226. List the prime factors of u.
2, 3, 17, 37
What are the prime factors of (-5 - (6 - 32265)) + 8/(-40)*-15?
32257
Let i = -156 - -82. Let r = 74 + i. Suppose -5*l + 801 = -l + s, r = 2*s - 10. What are the prime factors of l?
199
Let x(j) = -3*j**3 + 3*j**2 - 3*j - 54. Let o be x(-6). Suppose 6*q - 3942 + o = 0. What are the prime factors of q?
3, 179
Suppose -340*k = -235*k - 4151490. What are the prime factors of k?
2, 53, 373
Let j be 19/(95/9150) - -5. Let u = j + -776. List the prime factors of u.
3, 353
Let a(i) = 1661*i**2 - 2. Let t be a(-1). Suppose -t = -6*z + 855. What are the prime factors of z?
419
Let v = 22101 - 1955. List the prime factors of v.
2, 7, 1439
Let t be ((-432)/(-270))/(-1 + (-7)/(-5)). Suppose -4*w + v = 2*v - 1179, -t*w + v + 1173 = 0. What are the prime factors of w?
2, 3, 7
Let k(b) = 1350*b + 3320. List the prime factors of k(64).
2, 5, 2243
Let o(z) = 273*z**3 - 5*z**2 - 15*z - 12. What are the prime factors of o(5)?
11, 3083
Let l(h) = 798*h**2 + 10*h + 9. Let v = 408 + -409. List the prime factors of l(v).
797
Let n = 749 + -234. Let a = n - 347. Suppose a = 2*g + 2*c + 42, 0 = g + 2*c - 65. What are the prime factors of g?
61
Let l = 7 - 7. Suppose 5*m + 2*h + 123 = -l*h, 4*m = -5*h - 95. Let v = m + 167. What are the prime factors of v?
2, 71
Let i = -16 + 11022. What are the prime factors of i?
2, 5503
Let l = 303 - 291. Suppose 4*k = -l, -p + 0*p = -k - 889. List the prime factors of p.
2, 443
Suppose 6*w - 63 = 69. Let o be (-4)/22 + 1522/w. Suppose 8*x - o = 67. List the prime factors of x.
17
Let t(x) = 1018*x**2 + 371*x - 3. What are the prime factors of t(3)?
2, 3, 107
Suppose -4*b - 1 = i + 5, 0 = -5*b - 15. Suppose -1339 - 689 = -i*o. List the prime factors of o.
2, 13
Let v = -23961 - -36836. What are the prime factors of v?
5, 103
Suppose 24938 = -4*b + q + 329706, -2*b + 152396 = -2*q. List the prime factors of b.
2, 5, 19, 401
Suppose 39*p - 20 = 35*p. Suppose 0 = 2*w - p*c - 2413, 0 = 2*w + c - 0*c - 2431. List the prime factors of w.
2, 607
List the prime factors of (-9 + -251 + 3)/(1 + (-34)/33).
3, 11, 257
List the prime factors of (-6)/(450/(-558985)) - (-7 - (-107)/15).
29, 257
Let f(d) = 224*d + 7. Let t(u) = 2*u + 1. Let x(p) = -f(p) - 6*t(p). What are the prime factors of x(-2)?
3, 17
Suppose 44*l + 15200 = 3*v + 48*l, 15205 = 3*v + 5*l. List the prime factors of v.
2, 5, 11, 23
Suppose -19351 = -5*t - 1146. Let m = t - 2401. List the prime factors of m.
2, 5, 31
Suppose 3*y - 2*w + 0*w = 1592, -4*y = -2*w - 2120. Suppose -2*b - 3*b + d + y = 0, -4*b + 418 = -3*d. List the prime factors of b.
2, 53
Let k = 88 + 272. Suppose 2*a + 3*g = 3*a - k, -4*g + 395 = a. What are the prime factors of a?
3, 5
Let n(t) = 177*t + 10262. List the prime factors of n(-7).
7, 1289
What are the prime factors of 6*(8 - ((-35)/42 - 14903/3))?
3, 37, 269
Let n(q) = 73*q - 15. Let d(h) = -h**2 + 29*h + 3. Let s be d(29). What are the prime factors of n(s)?
2, 3, 17
Let t(u) = -4*u + 54. Suppose 228 = -5*b + 9*b. Let s = 46 - b. What are the prime factors of t(s)?
2, 7
Suppose 3*v + 5*n - n - 142304 = 0, 237192 = 5*v + 4*n. What are the prime factors of v?
2, 29, 409
Suppose 4*z - 24 = 4*l, 4*z + 3*l = z + 12. Let p(f) = 3*f**3 - 7*f**2 + 8*f - 7. List the prime factors of p(z).
233
Suppose 14*i = -2*q + 16*i + 15140, 4*q + 2*i - 30256 = 0. What are the prime factors of q?
2, 3, 13, 97
Suppose -m = -2*o - 3887, 0 = 5*m + 62*o - 64*o - 19395. List the prime factors of m.
3877
Let g(x) = 2*x**3 - 158*x**2 + 6*x - 158*x**2 + 309*x**2. What are the prime factors of g(6)?
2, 3
Let o(u) = 5210*u**2 + 11*u - 1. List the prime factors of o(2).
23, 907
Let p = 160 + -17. Let o = -447 - -762. Let f = o - p. What are the prime factors of f?
2, 43
Suppose -2*c - 44 = 5*f, 3*f + 2*c - 6 = -34. What are the prime factors of (2298/f)/(27/(-36))?
383
Let j = 3825 + -80. What are the prime factors of j?
5, 7, 107
Suppose 11*g + 1540 = 4664. Let s = 30 + g. What are the prime factors of s?
2, 157
Let p(x) = -x**3 - 36*x**2 + 112*x - 2199. List the prime factors of p(-47).
2, 3, 23, 61
Suppose k - 14*q = -10*q + 1120, 0 = -3*k + 4*q + 3360. List the prime factors of k.
2, 5, 7
Let t(n) = n + 35. Let h be t(-11). What are the prime factors of h/(-16) - 1510/(-4)?
2, 47
List the prime factors of 1724/1293 + (-141740)/(-3).
2, 2953
Let p(z) = -11*z**3 - 12*z**2 - 25*z + 4. Let k = 640 + -645. List the prime factors of p(k).
2, 7, 43
Suppose -9*w - 9 = -p - 6*w, 3*p = -3*w - 21. Let k(h) = h**3 + 7*h**2 + h. List the prime factors of k(p).
3, 11
Let n(y) = -47*y + 46. Suppose 20 = 49*c - 51*c. What are the prime factors of n(c)?
2, 3, 43
Let o(n) = -n**3 + 10*n**2 + 14*n - 19. Let s be o(9). Suppose 396 = -0*v + 4*v. Let w = s - v. What are the prime factors of w?
89
Let f(h) = 16*h**2 + 36*h - 734. What are the prime factors of f(18)?
2, 2549
Suppose -15 = 126*a - 131*a. Let i(u) = 34*u - 2. Let d be i(a). Let w = 201 - d. What are the prime factors of w?
101
Suppose 31807 = d - 3*r, -139*d + 136*d = 2*r - 95344. What are the prime factors of d?
2, 23, 691
Suppose 236196 = 10*y + 48346. List the prime factors of y.
5, 13, 17
Suppose 0 = 3*k - 2*k + 3*b - 385, 2*b = -k + 384. Let i be (-22476)/(-84) - 8/14. Let w = k - i. List the prime factors of w.
5, 23
Let t = -21 - -20. List the prime factors of -1*t/(-3) + (-2406)/(-9).
3, 89
Let x = 2282 + -1368. Let q = x + -88. What are the prime factors of q?
2, 7, 59
Suppose 14*b + 2428 = 78938. What are the prime factors of b?
5, 1093
Suppose -16 + 136 = -i + 3*v, -4*v + 12 = 0. Let k = i - -12. List the prime factors of 4/1 - (k - -4).
3, 11
Let j(d) = 2*d - 27. Let v be j(12). What are the prime factors of (1 + v/(-15))/(14/1435)?
3, 41
Suppose 172*a + 28 = 179*a. Suppose 4*g - 1222 = -2*u + 438, 0 = u - a*g - 830. What are the prime factors of u?
2, 5, 83
Let t = -4709 - -4786. List the prime factors of t.
7, 11
Suppose -5*q + 395 + 926 = 2*j, j - q = 678. Suppose v = -5*h + 3365, h + 5*v - 4*v - j = 0. What are the prime factors of h?
673
Let w be 3/(-2) - 11/(-2). Suppose -4 = -3*l - w. Suppose -3*i = 4*n - 246, 0 = 3*i - l*i + 6. What are the prime factors of n?
3, 7
Let l(n) be the second derivative of -1/2*n**3 + 3/5*n**5 + 0*n**4 + 0 + n**2 - 6*n. List the prime factors of l(2)